uppose 2*g + 8 = 0, 25 = 2*t + 3*g - 7. Calculate the greatest common factor of t and 88.
22
Suppose -5*u + 34 + 11 = 0. Let v = 31 - u. What is the greatest common divisor of 55 and v?
11
Let q = -65 + 198. Calculate the greatest common factor of 19 and q.
19
Let o = -18 - -22. Calculate the greatest common factor of o and 20.
4
Let d = 2 - -2. Suppose d*h - 300 = h. Suppose -3*q - 83 = -4*z, -q = -3*q - 2. Calculate the greatest common factor of z and h.
20
Suppose 0 = 5*u + x + 14 - 297, 3*u + 2*x - 174 = 0. Suppose 5*t = -m + 39, 2*t - 6*t + 3*m + 35 = 0. What is the highest common factor of t and u?
8
Let z = 2 + -17. Let g be z*(2 - 16/10). Let c be (-91)/(-3) - (-2)/g. What is the highest common divisor of c and 20?
10
Suppose -3*s + 6 = u - 5, -5*u = 2*s - 16. Let d be u/12 + 119/6. Suppose 0 = -3*i - i + d. What is the highest common divisor of 10 and i?
5
Suppose 315 = 5*f + 90. Calculate the highest common factor of f and 15.
15
Let l = 13 - -17. What is the greatest common divisor of l and 20?
10
Let w = 6 - -11. What is the greatest common factor of 187 and w?
17
Let a(j) = j**2 + 10*j - 28. Let i be a(6). What is the greatest common divisor of i and 17?
17
Suppose -w + 6*v + 68 = 2*v, 0 = 2*w - 5*v - 139. Calculate the highest common divisor of w and 18.
18
Suppose -d + 7*d = 186. Calculate the highest common factor of 31 and d.
31
Let n be (87 - (1 + 3)) + 1. What is the greatest common divisor of n and 63?
21
Let k = 26 + -15. Calculate the greatest common divisor of k and 99.
11
Let v be -7*(2/(-1))/2. Suppose -x - 4*u - 16 + 4 = 0, -u = 3. Let d be (-4 - x)/4 - -22. What is the highest common factor of v and d?
7
Suppose 7 = -z + 5. Let b(u) = -u**3 + 2*u**2 + 3*u - 1. Let l be b(-3). Let c be l + (1 - 0/z). Calculate the greatest common divisor of c and 12.
12
Let n(r) = r**2 + 15*r + 16. Let g be n(-18). What is the greatest common factor of 28 and g?
14
Suppose 5*u - 27 + 10 = -2*l, -3*l - 12 = 0. What is the greatest common factor of u and 2?
1
Let u = -2 + 4. Suppose -3*b = 2*v - 21, -3*v + 29 = 7*b - 2*b. Calculate the greatest common divisor of u and v.
2
Suppose 0 = 3*r - 1 - 2. Let o be -4*(35/(-2))/r. Let x be -3*(0 + (-14)/3). What is the greatest common factor of o and x?
14
Let a be (-69)/(-2) - (-27)/18. What is the greatest common divisor of a and 54?
18
Let a(z) = z - 8. Let b be a(5). Let g(l) = l**2 + l - 2. Let x be g(-3). Let d = x + b. Calculate the highest common divisor of d and 3.
1
Let s = 7 - -5. Let h = 9 - -3. What is the greatest common divisor of s and h?
12
Let j(t) = -t - 8. Let o be j(-7). Let d be 12 + -1*(o + -2). Let n = -66 - -96. What is the highest common factor of n and d?
15
Let i(o) = -3*o + 19. Let w be i(6). Let r(u) = -50*u**3 - u + 157*u**3 - 1 + u**2 + 2. Let b be r(w). Calculate the greatest common factor of b and 12.
12
Let v(n) = 3 + 6 - 2*n - 6 - 1. Let z be v(-2). What is the highest common factor of 60 and z?
6
Suppose -1 - 2 = w. Let x be 48/9 - (-1)/w. What is the highest common divisor of x and 55?
5
Let y = 29 + -6. What is the greatest common divisor of y and 23?
23
Suppose -3*s - 1 = -f, -81 = -7*f + 2*f - 4*s. What is the highest common factor of f and 104?
13
Suppose 0*r = 5*r - 2*c + 18, 4*c = r. Let i be 2/r*10/5. Let a be i - (-2 + 2*-1). Calculate the highest common factor of a and 3.
3
Let q(g) = -g**3 + 7*g**2 - 6*g + 1. Let w be q(5). Let n(d) = -d**3 + 13*d**2 - 7*d + 24. Let m be n(12). What is the highest common divisor of w and m?
21
Let q be (12/(-3))/(9/(-252)). What is the greatest common divisor of q and 14?
14
Let f be 6/(22 + 2) - (-702)/8. What is the highest common divisor of 16 and f?
8
Suppose -25 = -2*z - r, -6 - 35 = -4*z + r. Calculate the greatest common factor of z and 121.
11
Let k be (-2)/(-4) + 711/18. Calculate the greatest common factor of 100 and k.
20
Let k be 46*2/(-4)*-1 - 1. Let w = -180 + 290. Calculate the highest common factor of k and w.
22
Let u(n) = -25*n + 2. Let p(c) = c + 2. Suppose -2*i - 10 = -0*i. Let h be p(i). Let k be u(h). What is the highest common factor of k and 11?
11
Let j(k) = k**2 - 4*k - 3. Suppose 4*u = n - 11, 25 = 3*n - 3*u + 1. Let x be j(n). Calculate the highest common divisor of 6 and x.
6
Let k(w) = -6*w - 11. Let o be k(-3). What is the highest common factor of o and 70?
7
Let l = 127 - 76. What is the highest common factor of l and 34?
17
Suppose 15 = 5*q - q + u, 4*q + 5*u = 11. What is the greatest common factor of 8 and q?
4
Let i(s) = 1381*s**3 - 1. Let t be i(-1). Let c be 4/14 - t/14. Calculate the highest common factor of 11 and c.
11
Let p = -14 - -26. Suppose -x = -0*x - 24. What is the greatest common factor of x and p?
12
Let v be (-540)/(-24)*1*2. Let q be 2/5 + (-176)/(-10). What is the greatest common factor of v and q?
9
Suppose 2*v = -0*v + 4. Suppose 0 = -3*m + 7*m. Suppose m*b + 4*a = -b + 8, 3*b - 34 = -2*a. What is the greatest common divisor of b and v?
2
Let z be (-1782)/(-12)*(-4)/(-2). Calculate the highest common divisor of 27 and z.
27
Let b(u) = u**3 - 3*u + 2. Let f be b(2). Suppose i = -5*t + 25, t + 15 = f*t + i. Suppose 4*x - t*x = -3. Calculate the highest common divisor of 1 and x.
1
Suppose -4*g + 695 = 5*f, -4*g = -f - 0*f - 701. Suppose h - 6*h + g = 0. Calculate the greatest common factor of 5 and h.
5
Let u be ((-240)/(12 + -7))/((-2)/10). What is the highest common factor of 48 and u?
48
Suppose 0 = -2*a + a + 12. Let k be (-4)/(a/(-153)) + -2. Let x(p) = -p + 4. Let y be x(-3). Calculate the greatest common divisor of k and y.
7
Let z be 25*(28/20 + -1). Suppose t = -t + z. Calculate the greatest common divisor of 5 and t.
5
Let n = -48 + 578. Calculate the highest common divisor of n and 53.
53
Suppose 117 + 63 = 2*v. Suppose 5*f - 3*w - 98 = 0, -f + 5*w + v = 4*f. What is the greatest common divisor of f and 22?
22
Let b be 4/10 + 2154/15. Suppose 3*f = -f + b. Calculate the greatest common divisor of 54 and f.
18
Suppose 46 = w - i, 5*w - 4*i - 136 = 2*w. What is the highest common divisor of 16 and w?
16
Let o = 63 - -81. Calculate the greatest common factor of o and 32.
16
Let a be ((-22)/(-4))/(1/(-2)). Let z = a - -16. What is the greatest common factor of z and 45?
5
Let p(v) = -v**2 - 9*v - 7. Suppose 3*i - 3*l + 13 = -11, -5*i - 32 = -l. Let u be p(i). Let k = 18 - u. Calculate the greatest common factor of k and 1.
1
Suppose -3*d + 18 = -3*v, -3*d = 4*v + 2 + 1. Suppose -224 = -q - d*q. Calculate the greatest common divisor of 8 and q.
8
Let l = -4 + 13. Let d = l + 8. Suppose -3 = -2*b + d. Calculate the greatest common factor of b and 60.
10
Let o(c) be the first derivative of c**2/2 + 9*c + 2. Let q = 1 + -6. Let y be o(q). Calculate the highest common factor of y and 16.
4
Suppose -4*o = -0*o - 64. Let f(x) = 9*x**2 + 3*x - 2. Let n be f(2). What is the highest common divisor of o and n?
8
Let y be 4/18 - 7904/(-72). Calculate the greatest common divisor of y and 10.
10
Let o(y) = 2*y**2 + 3*y - 4. Let t be o(-3). Let n = -20 - -40. Calculate the highest common factor of t and n.
5
Let w = -135 - -149. What is the highest common factor of 42 and w?
14
Let u(t) be the third derivative of -t**5/60 + t**4/2 + 3*t**3/2 + 3*t**2. Let a be u(12). What is the greatest common factor of a and 6?
3
Let g(j) = j**3 - 10*j**2 - 2*j + 2. Let v be g(10). Let b = -7 - v. What is the greatest common factor of 1 and b?
1
Suppose 5*m = -7*m + 252. Suppose 166 = h + t, h - 135 - 29 = -2*t. Calculate the highest common factor of m and h.
21
Suppose 5*c - f + 5*f - 13 = 0, -3*c + 21 = -2*f. Suppose 2*k - 24 = -c*o, -3*o = -5*k + 2*k + 15. What is the highest common factor of k and 49?
7
Let h be 123/5 - (-6 - (-168)/30). What is the highest common divisor of h and 10?
5
Let g be ((-8)/10)/(2/(-60)). Calculate the greatest common divisor of g and 12.
12
Let j(z) = 2*z**3 - 3*z**2 - z + 2. Let a be j(2). Calculate the highest common factor of a and 4.
4
Let z(l) = l + 21. Let o be z(-14). Calculate the greatest common factor of o and 112.
7
Let d = 48 - 33. Calculate the greatest common divisor of d and 10.
5
Let g = -189 + 317. What is the highest common factor of g and 8?
8
Let q = 9 - 4. Let o = -10 + q. Let r = 7 + o. Calculate the greatest common divisor o